te z(a).
3
Let l(z) = -z**2 + 11*z**3 + z**2 + z. Let k(v) = v - 1. Let j(h) = -2*h**2 - 2*h + 5. Let y(a) = -j(a) - 3*k(a). Let g be y(1). What is l(g)?
-12
Let r(o) = -o**3 - o**2 - 2*o - 9. Let f(v) = -153*v - 459. Let m be f(-3). Give r(m).
-9
Let w be (-40)/(-2*(12 + -10)). Let p(z) = z**3 - 11*z**2 + 11*z + 5. What is p(w)?
15
Let z(d) = d**3 + 4*d**2 + 3*d + 4. Let w be z(-3). Let i(o) be the first derivative of 13 - 1/2*o**2 - 5/3*o**3 + o + 1/4*o**4. What is i(w)?
-19
Let t(b) be the second derivative of b**4/12 - 5*b**3/6 + 5*b**2/2 + 2*b - 7. Let c = 40 - 24. Suppose 5*j = 9 + c. What is t(j)?
5
Let h(q) = 4*q**3 - 66*q - 5*q**2 + 18*q + 22*q + 26*q + 2. Determine h(1).
1
Let d = -95 + 133. Let w = 38 - d. Let z(b) = 102*b - 59*b - 42*b + 26. What is z(w)?
26
Let a = -44 + 79. Suppose -a = -0*k - 5*k. Let m(o) = -o + 2. Let i(p) = 1. Let s(b) = 5*i(b) + m(b). Calculate s(k).
0
Let i(u) be the first derivative of -8*u - 1/3*u**3 - 7/2*u**2 + 6. What is i(-9)?
-26
Suppose -4*y + 5190 = 5206, 0 = f + y + 4. Let m(v) = 11*v + 32. Let q(s) = 4*s + 11. Let i = -10 + 7. Let p(c) = i*m(c) + 8*q(c). Determine p(f).
-8
Let z(f) = -f**3 - 17*f**2 - f - 15. Suppose -2*y = 2*b + 40, 3*y + 94 = 5*b - 10*b. Determine z(b).
2
Let p(n) be the second derivative of 4*n**4/3 - 97*n**3/6 + n**2 + 7506*n. Give p(6).
-4
Suppose -y = -5*y. Let h(u) = 0 + 5*u + y. Suppose 21 = 199*s + 220. Determine h(s).
-5
Let w(i) = -30*i - 28. Let q be w(-1). Let f(b) be the second derivative of 1/2*b**2 + 0 - 3/2*b**3 - 3*b. Give f(q).
-17
Let c(m) = -9*m - 38. Let n(x) = 5*x + 25. Let q = -286 - -278. Let d(o) = q*n(o) - 5*c(o). What is d(7)?
25
Let j = -2946 - -1944. Let o = j + 1007. Let t(a) = a**2 + a - 15. Give t(o).
15
Let j(h) = -h**3 + 6*h**2 - 5*h. Suppose -5 = 2*a + 3*n, 5*a - 39 - 1 = 3*n. What is j(a)?
0
Suppose -7*y = 65*y - 216. Let w(l) be the third derivative of -l**6/120 + l**5/20 + l**4/24 + l**3/2 - 58*l**2. Determine w(y).
6
Let v(t) be the first derivative of t**4/4 - 10*t**3/3 + 4*t**2 + 12*t - 9. Let n be v(9). Suppose 2 = -n*r + 5*r. Let l(o) = 3*o**3 + o - 1. Give l(r).
3
Let k(a) = a**2 - 16*a - 55. Let z be k(-3). Let n(i) = 3 + 1 + 7*i**z + i**3 + 5 + 0*i + 4*i - 2. Calculate n(-7).
-21
Let p(i) = -3 + 4*i**3 - 1662*i**2 + 4 + 1659*i**2 - 6*i**3. Let u(l) = -3*l**3 + 3*l + 2. Let v be u(-1). Determine p(v).
-27
Let g be (-24*11/(-352))/(6/(-56)). Let j(c) = -c**3 - 5*c**2 + 16*c + 8. Calculate j(g).
-6
Let n(x) = x**2 - x + 1. Let z be n(0). Let f(a) be the third derivative of 50 + 0*a**3 - 1/60*a**5 + 0*a + 1/24*a**4 - 11/120*a**6 + 2*a**2. What is f(z)?
-11
Let h(p) = 109*p - 56*p + 36 + 98 - 247 - 56*p. What is h(-28)?
-29
Let a(l) = 2*l**2 + 77*l + 26. Let w(x) = 11*x + 446. Let d be w(-44). What is a(d)?
-12
Let x(f) = 38*f**2 - 2 - 40*f**2 + 5*f + 26325*f**3 - 26324*f**3. What is x(3)?
22
Let g(l) be the third derivative of -1/6*l**3 + 0*l - 1/8*l**4 + 1/60*l**6 - 1/60*l**5 - 4*l**2 - 2. Determine g(-2).
-15
Let d(y) = -y**3 - 6*y**2. Let n = -214 - -337. Let x = 117 - n. What is d(x)?
0
Let p(i) = 84*i - 45*i - 51*i + i**2 + 30. Let z be p(8). Let x(d) = d**3 + 3*d**2 + 3*d + 1. Calculate x(z).
-1
Let j(i) = 27*i - 46*i - i**2 + 4*i**2 + 104013 - 104012. What is j(7)?
15
Suppose 4*g - p = 3, -g - 7*p = -2*g - 33. Let r(d) = 9*d**2 - 20*d + 3. Give r(g).
-1
Suppose -3*w = 9*w - 108. Let l be (-4 + 3 + 0)*-5. Suppose 0 = -l*q + 2*q - w. Let v(f) = f**3 + 5*f**2 + 4*f - 1. What is v(q)?
5
Let a = 57 - 56. Let l(o) = 1 - 5*o + a + 4 + 0. Suppose 25 = 5*b - n, b = 4*b + 3*n + 3. Give l(b).
-14
Let m be -7*8/252 + 718/(-9). Let y = m + 82. Let z(j) = -j + 2*j + 7*j + 1. Calculate z(y).
17
Let u(a) = 18*a - 61*a - 8 + 20*a + 22*a - 25. Give u(-12).
-21
Let y(n) = -20*n + 5. Let k be (3 - 2) + 2 + -11 + 4. Let t(d) = -9*d + 2. Let r(g) = k*y(g) + 9*t(g). Calculate r(-4).
2
Let t(l) be the first derivative of -3*l**2/2 - 12*l + 31. Let q(d) = 4*d + 12. Let g(u) = 2*q(u) + 3*t(u). What is g(-10)?
-2
Let f(s) = s**3 - 6*s**2 - 3*s - 31. Suppose 0 = 149*o - 107*o - 294. Calculate f(o).
-3
Suppose 3*z + 4*s + 1 = 13, 4*z - s + 3 = 0. Let p(c) = c**3 - 2*c**2 + 2*c - 104. Determine p(z).
-104
Let v(r) = -2*r**3 - 24*r**2 + 3*r + 49. Suppose -4*x = -h - 447 + 423, 0 = -5*h - 5*x - 45. What is v(h)?
13
Let j(b) = 7003*b**2 - 3503*b**2 - b**3 - 3 - 3495*b**2 + 3*b. Calculate j(6).
-21
Let b(v) = 36*v - 102. Suppose -39*f - 2*o = -34*f + 1, 4*o + 41 = 3*f. Calculate b(f).
6
Let b(r) = r**3 - 2*r**2 + 6*r + 8. Let w be (5 + 12/(-4))/(-2). Let z(k) = -k - 1. Let c(s) = w*b(s) - 6*z(s). Let p = 16 - 13. Give c(p).
-11
Let j(i) = -7*i + 6 + 1 + 0*i - 2. Suppose -56*q + 38 = -2*f - 53*q, 0 = -2*f + 2*q - 30. Give j(f).
54
Suppose 0*n + 5*n = 15. Let d = -67 - -78. Let b(t) = 11*t - d*t - t - 4. Determine b(n).
-7
Suppose -t - 2*k - 16 = 2*k, 0 = 3*t - 3*k - 27. Let w = 13 + -10. Let m(c) = c + c - c - 2 + w. What is m(t)?
5
Let f(o) = o**3 + 9. Let q(y) = y**2 + 26*y - 49. Let l be q(-29). Let r = -38 + l. Let m(x) = -x. Let s be m(r). What is f(s)?
9
Let d(b) be the second derivative of b**4/2 - 16*b**3 + 10*b**2 - 565*b - 3. What is d(16)?
20
Let b = 41 + -37. Let y = -26 + 26. Let t(v) = 2*v - v + 3 - 7 + y. Calculate t(b).
0
Suppose 3*j = -x - 31, 2*j - x = -3*j - 41. Let a be ((-6)/j)/(18/135). Let u(y) = y**3 - 5*y**2 - 4*y + 4. Calculate u(a).
-16
Let d(s) = -557*s**2 - 5*s - 7 + 554*s**2 + 19 - 16. Determine d(-1).
-2
Let k(p) = -2*p + 5. Suppose -8 = 5*i - 9*i. Let v(h) = -10*h + 25. Suppose 14 = 4*u + 14, -3*u = 4*t + 44. Let b(g) = i*v(g) + t*k(g). Give b(4).
3
Let i = -21740 - -21744. Let v(s) be the first derivative of 3*s - 47 - s**2 - s**3 - 1/4*s**i. Calculate v(-3).
9
Let g(x) be the third derivative of x**6/120 + x**5/5 + 5*x**4/12 - 11*x**3/6 - 69*x**2. Let k be ((-60)/36)/((-1)/9). Suppose -3*y - 18 = k. Determine g(y).
0
Let m(f) be the second derivative of -f**4/6 - f**3/3 + 5*f**2/2 - 43*f + 17. Let k be (-2*2)/(-2) - 5. What is m(k)?
-7
Let w(s) = -2*s**3 + 22*s**2 - 47*s - 22. Suppose 12 = m + k, -22*m + 5*k = -17*m - 20. Calculate w(m).
-14
Let b(q) = -39*q + 74. Let u(o) = -46*o + 84. Let n(c) = 7*b(c) - 6*u(c). Let y be -9*7/(63/6). Give n(y).
-4
Let t(l) be the first derivative of l**3/3 - 7*l**2/2 - 13*l - 5162. Let j be (-1)/(3/6*-1). Suppose 4*n = j*u + 2, -3*u - n = -8*u + 40. Calculate t(u).
5
Suppose -3 + 6 = 3*g. Let o(z) = -z + 5 + 9 + 8 - 22. Give o(g).
-1
Let j = 6 - 11. Let z(y) be the second derivative of -y**5/60 - y**4/4 + y**3/6 + 105*y**2/2 + 200*y. Let o(q) be the first derivative of z(q). Give o(j).
6
Let f(m) = -72824*m**2 + 0*m + m + 72813*m**2 + 4. Give f(1).
-6
Let n(s) be the first derivative of -s**2 + 3*s - 14. Suppose 4*z - 5 = -a, 2*a - 5 = -3*z - 0*z. Let r be n(a). Let o(d) = -8*d**2 - 1. What is o(r)?
-9
Let t(r) = 1453 - 726 - 726 + r. Let y be (81/(-21) + 3)/((-1)/(-7)). Calculate t(y).
-5
Let n = -280 - -276. Let d(h) = -h**3 - 4*h**2 - 3*h + 9. Calculate d(n).
21
Let m be (-1)/(-2) - (-10)/(-20). Suppose -n = -5*h - 3, -2*n + m*h - 3*h = 7. Let f be 4 + n/(-7) + (-2)/7. Let g(t) = t**3 - 4*t**2 + 3*t + 1. Calculate g(f).
13
Let i(c) = -c**3 - 9*c**2 - 6*c + 26. Suppose 312 = -27*v - 12*v. What is i(v)?
10
Let q(x) = -x**2 + 2*x**2 - 766*x - 16 + 777*x + 20. Let l = 3 + -13. What is q(l)?
-6
Let a(t) = 1153*t**2 - 8*t - 15. Let g(n) = 192*n**2 - 3. Let j(z) = a(z) - 6*g(z). Let k be ((-3)/(-9))/(2/42). Determine j(k).
-4
Let a(o) = -o**2 - 7*o + 3. Let p(h) = -h**3 + 22*h**2 - 19*h - 27. Let m be p(21). Let t be 36/m*15/2. Suppose d - t = 4*d. Determine a(d).
9
Let x(r) = -37*r**3 - 69*r**2 - 168*r + 175. Let a(m) = -13*m**3 - 23*m**2 - 56*m + 57. Let f(c) = -17*a(c) + 6*x(c). What is f(-20)?
1
Suppose -43*v + 42*v = -2. Let f(c) = -c**3 + 101 - 48 - c + 6*c**v - 45. What is f(6)?
2
Suppose -3*q = 148*x - 149*x, -q = -5*x - 28. Let v(y) = 9*y - 10*y - 2*y**2 + 1 + 1. Determine v(q).
-4
Let v(o) = -5*o - 5. Let y be v(-6). Suppose -4 = -y*l + 23*l. Let f(r) = -3 - r + 2 + 10 + r**l. Determine f(0).
9
Suppose 14*d + 36*d = 24*d - 156. Let g(y) = 2*y + y - 6*y**2 - 2*y - y**3 + 8. What is g(d)?
2
Let c be (5/(-10))/((-2)/8) + 3. Let r(m) be the first derivative of m**2/2 - 52. What is r(c)?
5
